 is -9 + 743?
736
In base 6, what is 0 + 3235?
3235
In base 13, what is 2082 - 2?
2080
In base 7, what is 1106 - 0?
1106
In base 15, what is -4 + 81a?
816
In base 16, what is 2e + 20?
4e
In base 12, what is -3 - 18a?
-191
In base 6, what is -23114 + -4?
-23122
In base 4, what is 3 - -10010?
10013
In base 16, what is -7 - 5?
-c
In base 13, what is 39 + -9?
30
In base 3, what is -2001221 + 2?
-2001212
In base 13, what is 1624 - 4?
1620
In base 8, what is -52372 + -5?
-52377
In base 13, what is -8b28 - -5?
-8b23
In base 11, what is -18 + -71?
-89
In base 15, what is -8d - 5b?
-e9
In base 7, what is -23 + -1610?
-1633
In base 4, what is -30 + 3123?
3033
In base 12, what is 18 - -18?
34
In base 14, what is -3 - 36?
-39
In base 5, what is 21 - -10?
31
In base 10, what is 12 + 76?
88
In base 7, what is 0 + 2115?
2115
In base 15, what is 26 + 3e?
65
In base 4, what is 200 - 122?
12
In base 5, what is 3 - -443?
1001
In base 6, what is 11 - -23035?
23050
In base 6, what is -15403 + -4?
-15411
In base 13, what is -87 - -1?
-86
In base 14, what is -7a7 + 2?
-7a5
In base 2, what is -11 + 1110?
1011
In base 2, what is 1010 - -10110110?
11000000
In base 16, what is -8 - e?
-16
In base 2, what is 10100001110 - 100?
10100001010
In base 11, what is 7 - 64?
-58
In base 4, what is -1310 + -3?
-1313
In base 9, what is 0 + 107?
107
In base 16, what is 1 - 7c?
-7b
In base 11, what is -121 + -5a?
-180
In base 9, what is 1002 - 18?
873
In base 3, what is 1022011 - -12?
1022100
In base 15, what is 5 - -616?
61b
In base 12, what is 4 + 34a?
352
In base 13, what is -32 - -7a?
48
In base 3, what is 101 - -11202?
12010
In base 16, what is 157 - 0?
157
In base 11, what is 9a + 108?
1a7
In base 15, what is -33 + -2a2?
-2d5
In base 5, what is 2 - 11144?
-11142
In base 14, what is 128 + -2?
126
In base 2, what is 100 - 1001010?
-1000110
In base 12, what is 4a - 13?
37
In base 12, what is -4 + -139?
-141
In base 11, what is -45 - 2?
-47
In base 13, what is -278 + 3?
-275
In base 7, what is 22 - -231?
253
In base 14, what is b + 9?
16
In base 15, what is -1e9 - 1?
-1ea
In base 11, what is 5 - 13a?
-135
In base 3, what is 11 - 2202?
-2121
In base 12, what is 137 - -5?
140
In base 12, what is 4 + 172a?
1732
In base 15, what is 8 - 6?
2
In base 15, what is 0 - -7?
7
In base 12, what is -15 - -58?
43
In base 4, what is -100 - -1032?
332
In base 9, what is 544 - -2?
546
In base 11, what is -970 + -3?
-973
In base 7, what is -5 + 536?
531
In base 7, what is 15 - 15?
0
In base 12, what is -39 - -1?
-38
In base 4, what is -3 + -1112331?
-1113000
In base 15, what is -a4 - 3?
-a7
In base 3, what is -1220 + -212?
-2202
In base 4, what is 1 - 333?
-332
In base 11, what is -72 - 180?
-242
In base 2, what is 10 - -10100?
10110
In base 16, what is 2b4 + -4?
2b0
In base 3, what is -211002 - 1?
-211010
In base 8, what is 3742 + 1?
3743
In base 4, what is 11 + 11231?
11302
In base 7, what is -241 + -115?
-356
In base 3, what is -2 - -1001?
222
In base 11, what is -5 + 47?
42
In base 15, what is 0 - -288?
288
In base 6, what is 31003 + 5?
31012
In base 8, what is 4 - 15?
-11
In base 2, what is 1000110010000 - 11?
1000110001101
In base 16, what is -2c + -6?
-32
In base 13, what is -1769 - -3?
-1766
In base 11, what is -247 + 1?
-246
In base 3, what is -101020 + 11?
-101002
In base 6, what is 10 - 100?
-50
In base 3, what is 100211010 - 11?
100210222
In base 11, what is 0 - 164?
-164
In base 9, what is -5 - 130?
-135
In base 13, what is -5 + -17?
-1c
In base 15, what is -14 - -5?
-e
In base 4, what is -23 + -331?
-1020
In base 16, what is 6 + 10eb?
10f1
In base 8, what is -7 + -1?
-10
In base 8, what is -735 + 6?
-727
In base 9, what is 10 - 410?
-400
In base 2, what is -101 - -1011111100?
1011110111
In base 14, what is -a + -11?
-1b
In base 9, what is 47 + 6?
54
In base 4, what is -21 - 13?
-100
In base 14, what is 515 - 0?
515
In base 10, what is 69 + 39?
108
In base 10, what is -11 + 115?
104
In base 12, what is -6a + 8?
-62
In base 16, what is 260e - 1?
260d
In base 8, what is -22 - 132?
-154
In base 3, what is 20 + 10000220?
10001010
In base 9, what is 164 - 2?
162
In base 4, what is -13 - -20121?
20102
In base 15, what is 2 - c12?
-c10
In base 4, what is -21 + -300?
-321
In base 7, what is 1122 + -21?
1101
In base 7, what is -2 + -251?
-253
In base 12, what is 110 - 4?
108
In base 4, what is 10301 + 30?
10331
In base 16, what is 2 + -8d?
-8b
In base 8, what is 756 - -5?
763
In base 10, what is 139 + 4?
143
In base 13, what is -7737 + 5?
-7732
In base 10, what is -3 + 96?
93
In base 5, what is -21 + -440?
-1011
In base 14, what is -3 + 10?
b
In base 12, what is b + -4a?
-3b
In base 5, what is 11 + 1202?
1213
In base 15, what is 2 - -229?
22b
In base 15, what is -1 + 10d?
10c
In base 6, what is -2 - 55?
-101
In base 3, what is 210211 - -10?
210221
In base 10, what is 192 - -6?
198
In base 11, what is -2 + 1565?
1563
In base 12, what is 1 - -a?
b
In base 3, what is 112 + -10002?
-2120
In base 16, what is -2 + -82?
-84
In base 7, what is -16 - 1?
-20
In base 4, what is 1 + -132?
-131
In base 9, what is -344 + 5?
-338
In base 12, what is -2 - -5b0?
5aa
In base 9, what is 147 + -17?
130
In base 10, what is -1 - -14?
13
In base 6, what is 3 + -415?
-412
In base 3, what is 1201120 + -2?
1201111
In base 15, what is 4 + -10ee?
-10ea
In base 15, what is -7 + 2d?
26
In base 14, what is 1 + -6?
-5
In base 6, what is -2 - 135?
-141
In base 16, what is 1b3 + -13?
1a0
In base 4, what is -1130 + 22?
-1102
In base 16, what is -60 + 1d?
-43
In base 7, what is 4 - -1645?
1652
In base 16, what is 0 + 318?
318
In base 16, what is -11 + d0?
bf
In base 15, what is 8 + -4?
4
In base 2, what is 1000 - 10100001?
-10011001
In base 7, what is -10 + -3261?
-3301
In base 9, what is 4 + 467?
472
In base 7, what is -5 + 403?
365
In base 2, what is 1 + 101010110?
101010111
In base 9, what is -5 - -363?
357
In base 7, what is -15 + 452?
434
In base 9, what is 3 - 66?
-63
In base 15, what is 21 - -5?
26
In base 10, what is -16 - 12?
-28
In base 2, what is 100001 + -101?
11100
In base 12, what is 9 + 105?
112
In base 3, what is -11 - 12222?
-20010
In base 4, what is -22 + -11?
-33
In base 4, what is -3031300 + 2?
-3031232
In base 12, what is -10836 + 4?
-10832
In base 15, what is 20e + 3?
212
In base 10, what is -145 + -5?
-150
In base 14, what is 4d - 2?
4b
In base 3, what is -1012101 + -200?
-1020001
In base 8, what is -4 + 204?
200
In base 9, what is 250 + 0?
250
In base 2, what is -1001 - 1111111010?
-10000000011
In base 15, what is 3 + 67?
6a
In base 5, what is -132 - 2421?
-3103
In base 2, what is 1001 - -101010111?
101100000
In base 7, what is 22 - -260?
312
In base 16, what is -c - 0?
-c
In base 8, what is 4 - 5260?
-5254
In base 15, what is -2 - -75?
73
In base 8, what is -3 - -1036?
1033
In base 10, what is -5 - -780?
775
In base 14, what is -5 + -db0?
-db5
In base 8, what is 5 - -262?
267
In base 5, what is 20 + 4303?
4323
In base 16, what is 4 + 6?
a
In base 7, what is 13641 - -6?
13650
In base 16, what is 12 - 8?
a
In base 9, what is 3 - -118?
122
In base 4, what is 10313 - -10?
10323
In base 13, what is -292 - 3?
-295
In base 11, what is 5 + 139?
143
In base 2, what is -100011111 - -100?
-100011011
In base 16, what is -3 + 0?
-3
In base 8, what is -2 - -3757?
3755
In base 12, what is -1 + -776?
-777
In base 10, what is 47 - 5?
42
In base 11, what is -269 - 5?
-273
In base 15, what is 1 + 42?
43
In base 15, what is -1 + -118?
-119
In base 3, what is 20022 - -12?
20111
In base 4, what is -22010 - 3?
-22013
In base 5, what is -202 + 1?
-201
In base 6, what is 3 + -2020?
-2013
In base 16, what is 3 - -14c?
14f
In base 2, what is 11 - 1101?
-1010
In base 6, what is -335 - -2?
-333
In base 16, what is -150 + a?
-146
In base 4, what is -113001 + -3?
-113010
In base 8, what is 5 - 2127?
-2122
In base 7, what is -5053 + 1?
-5052
In base 5, what is 0 + 342?
342
In base 14, what is -1 + -1?
-2
In base 12, what is 23 + 1a?
41
In base 3, what is -11 - 22102011?
-22102022
In base 5, what is -10 - 1323?
-1333
In base 8, what is 216 + -25?
171
In base 14, what is 2381 - -5?
2386
In base 8, what is -65 + 11?
-54
In base 15, what is -114 + 2?
-112
In base 15, what is a + -162?
-157
In base 15, what is -5 + -135?
-13a
In base 16,